[INFO] cloning repository https://github.com/limeburst/uptime-rust
[INFO] running `Command { std: "git" "-c" "credential.helper=" "-c" "credential.helper=/workspace/cargo-home/bin/git-credential-null" "clone" "--bare" "https://github.com/limeburst/uptime-rust" "/workspace/cache/git-repos/https%3A%2F%2Fgithub.com%2Flimeburst%2Fuptime-rust", kill_on_drop: false }`
[INFO] [stderr] Cloning into bare repository '/workspace/cache/git-repos/https%3A%2F%2Fgithub.com%2Flimeburst%2Fuptime-rust'...
[INFO] running `Command { std: "git" "rev-parse" "HEAD", kill_on_drop: false }`
[INFO] [stdout] 6496cef66d55d7857f2770bff17162ee13e59ce3
[INFO] checking limeburst/uptime-rust against try#72f88fc4e9458f89516a0b8b0868f3718aec5b47 for pr-74989
[INFO] running `Command { std: "git" "clone" "/workspace/cache/git-repos/https%3A%2F%2Fgithub.com%2Flimeburst%2Fuptime-rust" "/workspace/builds/worker-5/source", kill_on_drop: false }`
[INFO] [stderr] Cloning into '/workspace/builds/worker-5/source'...
[INFO] [stderr] done.
[INFO] validating manifest of git repo https://github.com/limeburst/uptime-rust on toolchain 72f88fc4e9458f89516a0b8b0868f3718aec5b47
[INFO] running `Command { std: "/workspace/cargo-home/bin/cargo" "+72f88fc4e9458f89516a0b8b0868f3718aec5b47" "read-manifest" "--manifest-path" "Cargo.toml", kill_on_drop: false }`
[INFO] started tweaking git repo https://github.com/limeburst/uptime-rust
[INFO] finished tweaking git repo https://github.com/limeburst/uptime-rust
[INFO] tweaked toml for git repo https://github.com/limeburst/uptime-rust written to /workspace/builds/worker-5/source/Cargo.toml
[INFO] crate git repo https://github.com/limeburst/uptime-rust already has a lockfile, it will not be regenerated
[INFO] running `Command { std: "/workspace/cargo-home/bin/cargo" "+72f88fc4e9458f89516a0b8b0868f3718aec5b47" "fetch" "--locked" "--manifest-path" "Cargo.toml", kill_on_drop: false }`
[INFO] [stderr]     Blocking waiting for file lock on package cache
[INFO] [stderr] error: the lock file /workspace/builds/worker-5/source/Cargo.lock needs to be updated but --locked was passed to prevent this
[INFO] [stderr] If you want to try to generate the lock file without accessing the network, use the --offline flag.
[INFO] the lockfile is outdated, regenerating it
[INFO] running `Command { std: "/workspace/cargo-home/bin/cargo" "+72f88fc4e9458f89516a0b8b0868f3718aec5b47" "generate-lockfile" "--manifest-path" "Cargo.toml" "-Zno-index-update", kill_on_drop: false }`
[INFO] running `Command { std: "/workspace/cargo-home/bin/cargo" "+72f88fc4e9458f89516a0b8b0868f3718aec5b47" "fetch" "--locked" "--manifest-path" "Cargo.toml", kill_on_drop: false }`
[INFO] [stderr]     Blocking waiting for file lock on package cache
[INFO] [stderr]  Downloading crates ...
[INFO] [stderr]   Downloaded utmp v0.0.2
[INFO] running `Command { std: "docker" "create" "-v" "/var/lib/crater-agent-workspace/builds/worker-5/target:/opt/rustwide/target:rw,Z" "-v" "/var/lib/crater-agent-workspace/builds/worker-5/source:/opt/rustwide/workdir:ro,Z" "-v" "/var/lib/crater-agent-workspace/cargo-home:/opt/rustwide/cargo-home:ro,Z" "-v" "/var/lib/crater-agent-workspace/rustup-home:/opt/rustwide/rustup-home:ro,Z" "-e" "SOURCE_DIR=/opt/rustwide/workdir" "-e" "CARGO_TARGET_DIR=/opt/rustwide/target" "-e" "CARGO_HOME=/opt/rustwide/cargo-home" "-e" "RUSTUP_HOME=/opt/rustwide/rustup-home" "-w" "/opt/rustwide/workdir" "-m" "1610612736" "--user" "0:0" "--network" "none" "rustops/crates-build-env@sha256:d92eaeed33fa75130ca1ee6c8a01d1ffb62bac859dfdfb3450e3e5d1c0146529" "/opt/rustwide/cargo-home/bin/cargo" "+72f88fc4e9458f89516a0b8b0868f3718aec5b47" "metadata" "--no-deps" "--format-version=1", kill_on_drop: false }`
[INFO] [stdout] de54d6f099493ad8ddb42c2f7c356cc94773b0d3323ab91e0f6860d37702d4b4
[INFO] [stderr] WARNING: Your kernel does not support swap limit capabilities or the cgroup is not mounted. Memory limited without swap.
[INFO] running `Command { std: "docker" "start" "-a" "de54d6f099493ad8ddb42c2f7c356cc94773b0d3323ab91e0f6860d37702d4b4", kill_on_drop: false }`
[INFO] running `Command { std: "docker" "inspect" "de54d6f099493ad8ddb42c2f7c356cc94773b0d3323ab91e0f6860d37702d4b4", kill_on_drop: false }`
[INFO] running `Command { std: "docker" "rm" "-f" "de54d6f099493ad8ddb42c2f7c356cc94773b0d3323ab91e0f6860d37702d4b4", kill_on_drop: false }`
[INFO] [stdout] de54d6f099493ad8ddb42c2f7c356cc94773b0d3323ab91e0f6860d37702d4b4
[INFO] running `Command { std: "docker" "create" "-v" "/var/lib/crater-agent-workspace/builds/worker-5/target:/opt/rustwide/target:rw,Z" "-v" "/var/lib/crater-agent-workspace/builds/worker-5/source:/opt/rustwide/workdir:ro,Z" "-v" "/var/lib/crater-agent-workspace/cargo-home:/opt/rustwide/cargo-home:ro,Z" "-v" "/var/lib/crater-agent-workspace/rustup-home:/opt/rustwide/rustup-home:ro,Z" "-e" "SOURCE_DIR=/opt/rustwide/workdir" "-e" "CARGO_TARGET_DIR=/opt/rustwide/target" "-e" "CARGO_INCREMENTAL=0" "-e" "RUST_BACKTRACE=full" "-e" "RUSTFLAGS=--cap-lints=forbid" "-e" "CARGO_HOME=/opt/rustwide/cargo-home" "-e" "RUSTUP_HOME=/opt/rustwide/rustup-home" "-w" "/opt/rustwide/workdir" "-m" "1610612736" "--user" "0:0" "--network" "none" "rustops/crates-build-env@sha256:d92eaeed33fa75130ca1ee6c8a01d1ffb62bac859dfdfb3450e3e5d1c0146529" "/opt/rustwide/cargo-home/bin/cargo" "+72f88fc4e9458f89516a0b8b0868f3718aec5b47" "check" "--frozen" "--all" "--all-targets" "--message-format=json", kill_on_drop: false }`
[INFO] [stdout] 04637b8cd651f90fa340a59d39bf0893e422524e5ded9ad809932427941f8200
[INFO] [stderr] WARNING: Your kernel does not support swap limit capabilities or the cgroup is not mounted. Memory limited without swap.
[INFO] running `Command { std: "docker" "start" "-a" "04637b8cd651f90fa340a59d39bf0893e422524e5ded9ad809932427941f8200", kill_on_drop: false }`
[INFO] [stderr]    Compiling version_check v0.9.2
[INFO] [stderr]    Compiling unicode-xid v0.2.1
[INFO] [stderr]    Compiling syn v1.0.41
[INFO] [stderr]    Compiling const_fn v0.4.2
[INFO] [stderr]    Compiling proc-macro-hack v0.5.18
[INFO] [stderr]    Compiling proc-macro2 v1.0.21
[INFO] [stderr]    Compiling standback v0.2.10
[INFO] [stderr]    Compiling time v0.2.19
[INFO] [stderr]    Compiling quote v1.0.7
[INFO] [stderr]    Compiling time-macros-impl v0.1.1
[INFO] [stderr]     Checking time-macros v0.1.0
[INFO] [stderr]     Checking utmp v0.0.2
[INFO] [stdout] error[E0432]: unresolved import `time::Timespec`
[INFO] [stdout]  --> /opt/rustwide/cargo-home/registry/src/github.com-1ecc6299db9ec823/utmp-0.0.2/src/lib.rs:3:5
[INFO] [stdout]   |
[INFO] [stdout] 3 | use time::Timespec;
[INFO] [stdout]   |     ^^^^^^^^^^^^^^ no `Timespec` in the root
[INFO] [stdout] 
[INFO] [stdout] 
[INFO] [stdout] error[E0432]: unresolved imports `std::io::File`, `std::io::SeekStyle`
[INFO] [stdout]  --> /opt/rustwide/cargo-home/registry/src/github.com-1ecc6299db9ec823/utmp-0.0.2/src/lib.rs:4:15
[INFO] [stdout]   |
[INFO] [stdout] 4 | use std::io::{File, SeekStyle};
[INFO] [stdout]   |               ^^^^  ^^^^^^^^^ no `SeekStyle` in `io`
[INFO] [stdout]   |               |
[INFO] [stdout]   |               no `File` in `io`
[INFO] [stdout] 
[INFO] [stdout] 
[INFO] [stdout] error[E0432]: unresolved import `std::num::FromPrimitive`
[INFO] [stdout]  --> /opt/rustwide/cargo-home/registry/src/github.com-1ecc6299db9ec823/utmp-0.0.2/src/lib.rs:5:5
[INFO] [stdout]   |
[INFO] [stdout] 5 | use std::num::FromPrimitive;
[INFO] [stdout]   |     ^^^^^^^^^^^^^^^^^^^^^^^ no `FromPrimitive` in `num`
[INFO] [stdout] 
[INFO] [stdout] 
[INFO] [stdout] error: cannot determine resolution for the derive macro `FromPrimitive`
[INFO] [stdout]  --> /opt/rustwide/cargo-home/registry/src/github.com-1ecc6299db9ec823/utmp-0.0.2/src/lib.rs:7:10
[INFO] [stdout]   |
[INFO] [stdout] 7 | #[derive(FromPrimitive)]
[INFO] [stdout]   |          ^^^^^^^^^^^^^
[INFO] [stdout]   |
[INFO] [stdout]   = note: import resolution is stuck, try simplifying macro imports
[INFO] [stdout] 
[INFO] [stdout] 
[INFO] [stdout] error[E0433]: failed to resolve: use of undeclared type or module `Path`
[INFO] [stdout]   --> /opt/rustwide/cargo-home/registry/src/github.com-1ecc6299db9ec823/utmp-0.0.2/src/lib.rs:36:16
[INFO] [stdout]    |
[INFO] [stdout] 36 |     let path = Path::new("/var/run/utmpx");
[INFO] [stdout]    |                ^^^^ not found in this scope
[INFO] [stdout]    |
[INFO] [stdout] help: consider importing this struct
[INFO] [stdout]    |
[INFO] [stdout] 3  | use std::path::Path;
[INFO] [stdout]    |
[INFO] [stdout] 
[INFO] [stdout] 
[INFO] [stdout] error[E0277]: the trait bound `UtmpxRecordType: Clone` is not satisfied
[INFO] [stdout]    --> /opt/rustwide/cargo-home/registry/src/github.com-1ecc6299db9ec823/utmp-0.0.2/src/lib.rs:23:6
[INFO] [stdout]     |
[INFO] [stdout] 23  | impl Copy for UtmpxRecordType { }
[INFO] [stdout]     |      ^^^^ the trait `Clone` is not implemented for `UtmpxRecordType`
[INFO] [stdout] 
[INFO] [stdout] 
[INFO] [stdout] error: aborting due to 6 previous errors
[INFO] [stdout] 
[INFO] [stdout] 
[INFO] [stdout] Some errors have detailed explanations: E0277, E0432, E0433.
[INFO] [stdout] 
[INFO] [stdout] For more information about an error, try `rustc --explain E0277`.
[INFO] [stdout] 
[INFO] [stderr] error: could not compile `utmp`.
[INFO] [stderr] 
[INFO] [stderr] To learn more, run the command again with --verbose.
[INFO] running `Command { std: "docker" "inspect" "04637b8cd651f90fa340a59d39bf0893e422524e5ded9ad809932427941f8200", kill_on_drop: false }`
[INFO] running `Command { std: "docker" "rm" "-f" "04637b8cd651f90fa340a59d39bf0893e422524e5ded9ad809932427941f8200", kill_on_drop: false }`
[INFO] [stdout] 04637b8cd651f90fa340a59d39bf0893e422524e5ded9ad809932427941f8200
